{"id":44,"date":"2015-12-06T09:46:44","date_gmt":"2015-12-06T07:46:44","guid":{"rendered":"http:\/\/tgl-dev.dc.turkuamk.fi\/?page_id=44"},"modified":"2016-01-18T09:49:05","modified_gmt":"2016-01-18T07:49:05","slug":"current-projects","status":"publish","type":"page","link":"https:\/\/www.turkugamelab.fi\/?page_id=44","title":{"rendered":"Current Projects"},"content":{"rendered":"<h1>Current Projects<\/h1>\n<p>&nbsp;<\/p>\n<p><span style=\"font-size: medium;\"><b>Tulevaisuuden interaktiiviset teknologiat &#8211;\u00a0<\/b><\/span><span style=\"font-size: medium;\"><b>Futuristic Interactive Technologies<\/b><\/span><\/p>\n<p><span style=\"font-size: medium;\">More information coming up soon!<\/span><\/p>\n<p>&nbsp;<\/p>\n<p><strong><span style=\"font-size: medium;\">Tausta viihdepeliteollisuudessa<\/span><\/strong><\/p>\n<p><span style=\"font-size: medium;\">Tutkimusryhm\u00e4n TKI-toiminnassa keskityt\u00e4\u00e4n viihdepeliteollisuudesta tuttujen interaktiivisten k\u00e4ytt\u00f6liittym\u00e4teknologioiden hy\u00f6dynt\u00e4miseen ketter\u00e4sti eri toimialoilla. Perinteisesti peliteollisuus on pyrkinyt hy\u00f6dynt\u00e4m\u00e4\u00e4n k\u00e4ytett\u00e4viss\u00e4 ja kehitteill\u00e4 olevan ohjelmisto- ja laitteistokapasiteetin maksimaalisesti. Peliteollisuudessa k\u00e4ytett\u00e4v\u00e4t innovaatiot kuten pelimoottorit, liiketunnistussensorit, virtuaalilasit sek\u00e4 lis\u00e4tyn todellisuuden ty\u00f6kalut ovat esimerkkej\u00e4 teknologioista, joita enenev\u00e4ss\u00e4 m\u00e4\u00e4rin pyrit\u00e4\u00e4n hy\u00f6dynt\u00e4m\u00e4\u00e4n my\u00f6s peliteollisuuden ulkopuolella uusien interaktiivisten ratkaisujen kehitt\u00e4misess\u00e4. Tutkimusryhm\u00e4n TKI-toiminnassa korostuu poikkitieteellisyys ja monialaisuus. TKI-toiminnan ytimess\u00e4 on monipuolinen ymm\u00e4rrys ja asiantuntijuus viihdepeliteollisuuden pelikehitysprosessien ketter\u00e4st\u00e4 soveltamisesta k\u00e4yt\u00e4nt\u00f6\u00f6n l\u00e4htien peli- ja graafisesta suunnittelusta peliohjelmointiin ja -testaukseen. Asiantuntijuutta viihdepeliteollisuuden pelikehitysprosessien ymm\u00e4rt\u00e4misess\u00e4 ja soveltamisessa vaalitaan integroimalla tutkimusryhm\u00e4n toiminta kiinte\u00e4ksi osaksi ammattikorkeakoulun peliteknologian osaamispolun toteutusta.<\/span><\/p>\n<p><strong><span style=\"font-size: medium;\">Tutkimusryhm\u00e4n TKI-toiminnan fokusalueet<\/span><\/strong><\/p>\n<p><span style=\"font-size: medium;\">Kuten edell\u00e4 jo todettiin, tutkimusryhm\u00e4n TKI-toiminnassa tavoitellaan laaja-alaista interaktiivisten teknologioiden hy\u00f6dynt\u00e4mist\u00e4 eri toimialoilla. Tutkimusryhm\u00e4 toimii tiiviiss\u00e4 vuorovaikutuksessa ja yhteisty\u00f6ss\u00e4 elinkeinoel\u00e4m\u00e4n kanssa. Innovatiivisia, vuorovaikutteisia teknologiaratkaisuja toteutetaan esimerkiksi teknologiateollisuuden, hyvinvointialan, koulutuksen ja matkailun toimialoille yhteisty\u00f6ss\u00e4 eri sektoreiden asiantuntijoiden kanssa. Toiminnan keski\u00f6ss\u00e4 on pelillist\u00e4miseen, hy\u00f6typeleihin, pelillisiin simulaatioihin, lis\u00e4ttyyn todellisuuteen sek\u00e4 virtuaaliymp\u00e4rist\u00f6ihin liittyv\u00e4 TKI-toiminta.<\/span><\/p>\n<p><span style=\"font-size: medium;\">Tutkimusryhm\u00e4n toiminta on soveltavaa. P\u00e4\u00e4tavoitteena on l\u00f6yt\u00e4\u00e4 k\u00e4ytt\u00e4j\u00e4keskeisen suunnittelun ja nopean prototypoinnin periaatteita k\u00e4ytt\u00e4en tietyn uutusarvon omaavia, interaktiivisia k\u00e4ytt\u00f6liittym\u00e4ratkaisuja uusiin k\u00e4ytt\u00f6kohteisiin. T\u00e4ll\u00e4 tavoin pyrit\u00e4\u00e4n luomaan elinkeinoel\u00e4m\u00e4lle edellytyksi\u00e4 visuaalisesti houkuttelevien ja rikkaan k\u00e4ytt\u00f6kokemuksen omaavien tuoteinnovaatioiden ja -palveluiden rakentamiseen. Interaktiivisten teknologioiden soveltaminen mahdollistaa uusien liiketoimintamallien k\u00e4ytt\u00f6\u00f6noton sek\u00e4 edesauttaa maailmalla tunnustetun suomalaisen teknologiaosaamisen pukemisen paremmin myyt\u00e4v\u00e4\u00e4n muotoon. <\/span><\/p>\n<p><strong><span style=\"font-size: medium;\">TKI-toiminnan tavoitteet<\/span><\/strong><\/p>\n<p><span style=\"font-size: medium;\">Tulevaisuuden interaktiiviset teknologiat -tutkimusryhm\u00e4n tavoitteena on profiloitua kansainv\u00e4lisen tason toimijaksi vuorovaikutteisten k\u00e4ytt\u00f6liittym\u00e4teknologioiden soveltamisessa. Tutkimusryhm\u00e4 on mukana keskeisiss\u00e4 suomalaisissa ja kansainv\u00e4lisiss\u00e4 rahoitusohjelmissa. Tutkimusryhm\u00e4 tekee tiivist\u00e4 yhteisty\u00f6t\u00e4 elinkeinoel\u00e4m\u00e4n edustajien lis\u00e4ksi ammattikorkeakoulun muiden tutkimusryhmien ja eri tutkimuslaitosten kanssa. Tutkimusryhm\u00e4 koostuu akateemisesti meritoituneista tutkijoista, vastavalmistuneista insin\u00f6\u00f6reist\u00e4 sek\u00e4 opiskelija-assistenteista. Tutkimusryhm\u00e4n toiminnassa on laajalti mukana ammattikorkeakoulun opiskelijoita eri osaamispoluilta.<\/span><\/p>\n","protected":false},"excerpt":{"rendered":"<p>Current Projects &nbsp; Tulevaisuuden interaktiiviset teknologiat &#8211;\u00a0Futuristic Interactive Technologies More information coming up soon! &nbsp; Tausta viihdepeliteollisuudessa Tutkimusryhm\u00e4n TKI-toiminnassa keskityt\u00e4\u00e4n viihdepeliteollisuudesta tuttujen interaktiivisten k\u00e4ytt\u00f6liittym\u00e4teknologioiden hy\u00f6dynt\u00e4miseen ketter\u00e4sti eri toimialoilla. Perinteisesti peliteollisuus on pyrkinyt hy\u00f6dynt\u00e4m\u00e4\u00e4n k\u00e4ytett\u00e4viss\u00e4 ja kehitteill\u00e4 olevan ohjelmisto- ja laitteistokapasiteetin maksimaalisesti. Peliteollisuudessa k\u00e4ytett\u00e4v\u00e4t innovaatiot kuten pelimoottorit, liiketunnistussensorit, virtuaalilasit sek\u00e4 lis\u00e4tyn todellisuuden ty\u00f6kalut ovat esimerkkej\u00e4 teknologioista,&hellip; <a class=\"read-more\" href=\"https:\/\/www.turkugamelab.fi\/?page_id=44\">Read More<\/a><\/p>\n","protected":false},"author":1,"featured_media":0,"parent":10,"menu_order":1,"comment_status":"closed","ping_status":"closed","template":"page-tgl-template.php","meta":[],"acf":[],"_links":{"self":[{"href":"https:\/\/www.turkugamelab.fi\/index.php?rest_route=\/wp\/v2\/pages\/44"}],"collection":[{"href":"https:\/\/www.turkugamelab.fi\/index.php?rest_route=\/wp\/v2\/pages"}],"about":[{"href":"https:\/\/www.turkugamelab.fi\/index.php?rest_route=\/wp\/v2\/types\/page"}],"author":[{"embeddable":true,"href":"https:\/\/www.turkugamelab.fi\/index.php?rest_route=\/wp\/v2\/users\/1"}],"replies":[{"embeddable":true,"href":"https:\/\/www.turkugamelab.fi\/index.php?rest_route=%2Fwp%2Fv2%2Fcomments&post=44"}],"version-history":[{"count":4,"href":"https:\/\/www.turkugamelab.fi\/index.php?rest_route=\/wp\/v2\/pages\/44\/revisions"}],"predecessor-version":[{"id":236,"href":"https:\/\/www.turkugamelab.fi\/index.php?rest_route=\/wp\/v2\/pages\/44\/revisions\/236"}],"up":[{"embeddable":true,"href":"https:\/\/www.turkugamelab.fi\/index.php?rest_route=\/wp\/v2\/pages\/10"}],"wp:attachment":[{"href":"https:\/\/www.turkugamelab.fi\/index.php?rest_route=%2Fwp%2Fv2%2Fmedia&parent=44"}],"curies":[{"name":"wp","href":"https:\/\/api.w.org\/{rel}","templated":true}]}}